1, what is -226 + 154312?
154097
In base 8, what is 5 - -32371317?
32371324
In base 4, what is -1221330102 + -111?
-1221330213
In base 14, what is -7 - -8050207?
8050200
In base 9, what is 17702 - 72?
17620
In base 12, what is -193 + -b4757?
-b492a
In base 4, what is -20320201 - -310?
-20313231
In base 16, what is 20 - 4d3?
-4b3
In base 11, what is 748189 - -64?
748242
In base 9, what is 742514 + 3?
742517
In base 9, what is -435 + -8643?
-10178
In base 7, what is 4250161422 + -3?
4250161416
In base 12, what is 5 - -b4a99?
b4aa2
In base 5, what is -2101442 + -12341?
-2114333
In base 4, what is 13 + 10110230202?
10110230221
In base 14, what is -2c26 - -3046?
220
In base 12, what is -2a82 + -12997?
-15859
In base 13, what is -21270 - -2?
-2126b
In base 4, what is -333 - -3222231?
3221232
In base 10, what is -14134088 - 54?
-14134142
In base 3, what is 1200212200010 - -22122?
1200212222202
In base 5, what is -1 + 211130231132?
211130231131
In base 16, what is 247 + 32d6?
351d
In base 5, what is 131313 - -31440?
213303
In base 8, what is -235362503 + 1?
-235362502
In base 12, what is -38569a - 2?
-3856a0
In base 10, what is 90714 - -78?
90792
In base 12, what is -61839a2 + -4?
-61839a6
In base 14, what is -43c2ac + -1?
-43c2ad
In base 16, what is -41330 + 16?
-4131a
In base 12, what is 369 - -253227?
253594
In base 3, what is -210021221202002 + 122?
-210021221201110
In base 7, what is 15256351 + 1?
15256352
In base 13, what is 3a122735 + 2?
3a122737
In base 12, what is 63980 - -479?
64239
In base 15, what is -553a1 - 31?
-553d2
In base 16, what is 1fce + 32?
2000
In base 12, what is a - -bb59a1b?
bb59a29
In base 16, what is 0 + -28e0ea8?
-28e0ea8
In base 5, what is -33 - -1042224212?
1042224124
In base 3, what is -201 - 211220100?
-211221001
In base 10, what is -2245 + -84948?
-87193
In base 11, what is -17a23 + -773?
-18696
In base 13, what is c56 + -8627?
-76a1
In base 6, what is 3 - -55532344?
55532351
In base 2, what is -1001100101011 + -10001001110000110?
-10010011010110001
In base 8, what is 1755151 + 4?
1755155
In base 16, what is ae27d - -20?
ae29d
In base 6, what is -43433110041 + -4?
-43433110045
In base 12, what is 80279603 - -4?
80279607
In base 13, what is 43b + 70711?
70b4c
In base 11, what is -1170a3462 + -3?
-1170a3465
In base 15, what is 4 - -590?
594
In base 2, what is -101 + 111001000001100011001100?
111001000001100011000111
In base 13, what is 513c582 + -4?
513c57b
In base 10, what is 14096 - 151?
13945
In base 12, what is -5 + -b28a270?
-b28a275
In base 12, what is -84 + 6b199?
6b115
In base 8, what is -1654 - -6236?
4362
In base 6, what is 222025330 - -24?
222025354
In base 9, what is 5143622 + 7?
5143630
In base 3, what is 11022111110 + -12122?
11022021211
In base 5, what is -331443243 + 1204?
-331442034
In base 16, what is -d147 - -8f?
-d0b8
In base 3, what is 20212212001210001 + -10?
20212212001202221
In base 11, what is 179128aa + 3?
17912902
In base 7, what is -3212146645 + -3?
-3212146651
In base 2, what is 1000110001 - -10000010?
1010110011
In base 9, what is 0 + 14466573?
14466573
In base 8, what is -10054351 - 643?
-10055214
In base 16, what is 99e - 28a8?
-1f0a
In base 8, what is 10556143 + 6?
10556151
In base 2, what is 10000001 - 1100110101101101?
-1100110011101100
In base 13, what is 6 - 2550559?
-2550553
In base 2, what is -111100000101000110110001 + 0?
-111100000101000110110001
In base 5, what is -103311 - 4244041?
-4402402
In base 11, what is 50a2 + -6902?
-1810
In base 6, what is 334411 + -212?
334155
In base 7, what is 3 + 36313313?
36313316
In base 9, what is 3 - -50378737?
50378741
In base 6, what is 325 - -331345011?
331345340
In base 12, what is -1044a192 + -4?
-1044a196
In base 6, what is -14 + 43404040?
43404022
In base 3, what is 2200102210201 - 21?
2200102210110
In base 14, what is 0 + -6cc089?
-6cc089
In base 16, what is 2fad + -e4f?
215e
In base 7, what is 1 + 133165554?
133165555
In base 2, what is 10100 - 11011110011101011001011?
-11011110011101010110111
In base 7, what is -55426 - -3160?
-52236
In base 8, what is 52 - -13314063?
13314135
In base 15, what is 1271e0 + -c8?
127117
In base 16, what is -95 + cc826?
cc791
In base 16, what is -cba5c - 0?
-cba5c
In base 3, what is 0 + 100111210002121?
100111210002121
In base 11, what is -7088 - -56360?
4a283
In base 15, what is 5be - 4bc4?
-4605
In base 2, what is 1000010110011011 + -100001?
1000010101111010
In base 14, what is -42b84c9b + 2?
-42b84c99
In base 12, what is -b + 175173a0?
17517391
In base 2, what is -11111001111010011101 + -110101?
-11111001111011010010
In base 5, what is 3243401 + 34300?
3333201
In base 16, what is 25efb0f - -7?
25efb16
In base 5, what is -43 - 1314030?
-1314123
In base 14, what is -368b23 + -2d?
-368b52
In base 9, what is 2201042 - 5?
2201036
In base 11, what is 2 - 5143322?
-5143320
In base 10, what is 49 - -189826?
189875
In base 8, what is 2 + 27735472?
27735474
In base 10, what is -20848 + 752?
-20096
In base 14, what is 13b - -852?
98d
In base 7, what is -363050 + 3660?
-356060
In base 16, what is -4f9c6 - 709?
-500cf
In base 7, what is 1 - -1612133350?
1612133351
In base 7, what is -203221 + 3?
-203215
In base 9, what is 68 + -5120503?
-5120424
In base 10, what is 1526583719 + -1?
1526583718
In base 8, what is 0 + -610266577?
-610266577
In base 9, what is -308757 - -183?
-308564
In base 3, what is -1222 + 102112021120?
102112012121
In base 12, what is 8ba2 - -119a?
a180
In base 10, what is -5023 + -97042?
-102065
In base 13, what is -72c170 + -4a?
-72c1ba
In base 9, what is -33 + 1850303?
1850260
In base 9, what is -11852712 - -6?
-11852705
In base 15, what is 2a3671 + -7?
2a3669
In base 14, what is 5b + 55ad?
562a
In base 11, what is -615053 + 729?
-614425
In base 10, what is -20 + -21321215?
-21321235
In base 13, what is -a264ab6 - 5?
-a264abb
In base 7, what is 522426 + 23?
522452
In base 10, what is -97 + 453674?
453577
In base 10, what is 54980 + 5753?
60733
In base 10, what is 548 + -26394?
-25846
In base 2, what is -100 - -10001010011000101110100110?
10001010011000101110100010
In base 5, what is 14 + -314341223?
-314341204
In base 5, what is 413132132 - 3?
413132124
In base 5, what is 24 + 201420320?
201420344
In base 14, what is -2173a73 - 5?
-2173a78
In base 4, what is 101212030013 + -301?
101212023112
In base 13, what is 4 - 344288?
-344284
In base 2, what is -1100111000 - -1010011100010?
1000110101010
In base 10, what is 30 - 10910528?
-10910498
In base 8, what is -7074 - -11605?
2511
In base 3, what is -1201 + 110222222221?
110222221020
In base 15, what is 167 - -4c67a?
4c7e2
In base 10, what is -98345 - 1861?
-100206
In base 12, what is 55748 - -1445?
56b91
In base 6, what is 2 + -124001201?
-124001155
In base 9, what is 31584 - -263?
31857
In base 12, what is 20b - -a47b?
a68a
In base 11, what is -6366007 + 2?
-6366005
In base 13, what is -22 - -5394a?
53928
In base 15, what is 69 + -146b223?
-146b1a9
In base 11, what is 939a - 29388?
-1aa99
In base 14, what is -18b079 - -5?
-18b074
In base 8, what is 143253113 + 5?
143253120
In base 10, what is -4075022 - -4?
-4075018
In base 14, what is 13 - 51591?
-5157c
In base 4, what is 12 - 230203300?
-230203222
In base 11, what is -690 - 87499?
-88079
In base 13, what is -1134 - -ab3?
-351
In base 3, what is -1020211 + 2102221220?
2101201002
In base 13, what is 75 - -230c2?
23167
In base 2, what is 100100110 - -1011101000111?
1100001101101
In base 10, what is -173538641 + 2?
-173538639
In base 13, what is -97b4c2 - -3?
-97b4bc
In base 15, what is 38b09 + -8c?
38a6c
In base 9, what is -4448133 + 2?
-4448131
In base 9, what is -1256311 - 17?
-1256328
In base 11, what is 2800 + -5731?
-2a31
In base 7, what is -133525 - 21661?
-155516
In base 5, what is -10 - -112413344412?
112413344402
In base 4, what is 10123032122232 - 13?
10123032122213
In base 16, what is 7 - -1f269c?
1f26a3
In base 11, what is 140 - -a3a21?
a4061
In base 6, what is -52431310 + -41?
-52431351
In base 11, what is -6a64 + -262aa?
-32263
In base 15, what is 0 - d26a65?
-d26a65
In base 3, what is -2202 + 1000120001212?
1000112222010
In base 5, what is -11334 - -241112?
224223
In base 12, what is 1a513 + -264?
1a26b
In base 6, what is 3 + -331413512?
-331413505
In base 13, what is -7249a + -